8*m - 63. Is p(30) a composite number?
True
Is (46207 - 5)*(16 - 15)*3/6 a composite number?
True
Let y be (104/182)/(2/8057). Suppose y = -5*x + 4*x. Is -1*2/4*x composite?
False
Let q(h) = 1599*h - 4. Suppose -3*x = 4*x - 14. Let k be q(x). Suppose 4*i = -162 + k. Is i composite?
True
Is 31818267/261 - (54/261)/3 composite?
False
Let t(s) = 5331*s - 1495. Is t(16) prime?
False
Suppose 0 = 3*n - 19970 - 45085. Let i be n/2*2/(-10)*-2. Suppose 5*p = -4*a + i, -3*p + 2607 = a + 3*a. Is p a composite number?
True
Suppose -y = -4*m - 453997, -5*m = 28*y - 27*y - 454051. Is y a prime number?
True
Suppose -55*f = -70*f + 68*f - 25428605. Is f prime?
False
Let g(o) = -46*o**2 + 14*o + 11. Let q(m) = 47*m**2 - 16*m - 13. Let s(l) = 3*g(l) + 4*q(l). Is s(-1) composite?
False
Let h(j) = 3*j**2 + 58*j + 1468. Is h(-71) a composite number?
False
Suppose 5*y = -4*i + 2*y + 32, -y - 16 = -4*i. Suppose 4*d - 8255 - 5387 = -c, 68227 = i*c + 3*d. Is c prime?
False
Let x = -8239 - -16020. Is x a prime number?
False
Let h = 48 + -39. Let z(g) = 64*g - 19. Is z(h) a composite number?
False
Suppose -12*y + 22333 + 574415 = 0. Is y prime?
False
Suppose b - 5*s - 16678 = -10*s, -3 = -3*s. Suppose -b = -9*g + 9724. Is g a prime number?
False
Let i(f) = -f**3 + 6*f**2 + 7*f - 17. Let d be i(7). Is (21171/(-2))/(d/(272/24)) a composite number?
False
Suppose -4661*v + 381361 = -4644*v. Is v prime?
True
Let p(r) = -284*r - 41. Let x be (2 - 1) + -3 - 3. Is p(x) a composite number?
True
Let s = 74 + -69. Suppose s*a - 3287 = 4628. Is a a prime number?
True
Let c(v) = 197*v**3 + v**2 + 6. Let p(t) = -1. Let n(y) = c(y) + 6*p(y). Let s be n(1). Suppose -4*g + 5*u + 1404 = -s, 5*g + 4*u = 1982. Is g composite?
True
Let b be 5/((-42)/12 - -4). Let y(s) = -s**2 - s + 1. Let x(h) = -2*h**2 + 16*h + 10. Let u(t) = x(t) - y(t). Is u(b) a composite number?
False
Let q = 14373 - -794650. Is q composite?
False
Let s(d) = 49*d + 19. Let u(z) = 78 - 20*z + 69*z - 59. Let v(y) = -3*s(y) + 4*u(y). Is v(4) prime?
False
Let u = 82 - 85. Let l(p) = -27*p**3 + 8*p**2 - 10. Is l(u) a prime number?
False
Let c(l) = l**2 + 29*l - 38. Let s be c(-33). Suppose s + 24 = q - h, q + h - 128 = 0. Is q prime?
False
Suppose -220*i + 78273766 = 23148146. Is i composite?
True
Suppose k = -3*b + 2, 8*k - 16 = 12*k. Let c be (6/9)/(1/3). Is -1761*(c/b)/((-21)/7) a composite number?
False
Suppose 484*k - 65408492 = 38*k + 200332134. Is k composite?
True
Let w(j) = 2*j**2 + 14*j + 218531. Is w(0) a prime number?
True
Is (-206)/(-412)*(-1517898)/(-1) prime?
False
Is 28771*3*(180/108 + 4/(-3)) a prime number?
True
Let w(j) = -j**3 - 32*j**2 - 32*j + 118. Let u be w(-34). Let a = u + -1201. Is a prime?
False
Suppose 4*c - 4*x = 48728, -4*c + 186*x - 184*x + 48738 = 0. Is c a composite number?
True
Suppose 0 = -616*u + 619*u - 508137. Is u a prime number?
False
Let x be -2 + 2 + (9/(-3))/(-3). Let n be (3 - 7) + x + 1. Let p(w) = 139*w**2 + 3*w + 3. Is p(n) composite?
True
Let j = 51 + -47. Suppose 8 + j = -2*c. Is (-730)/c + (-12)/18 prime?
False
Suppose 2*y - 5*p = 15903 + 84212, -3*y + 150200 = -2*p. Suppose 0 = 2*t + 8*t - y. Is t a composite number?
True
Let t(q) = 7922*q - 329. Is t(9) prime?
True
Let h be -1 + ((-25)/(-3))/((-40)/120). Let l(x) = -594*x - 133. Is l(h) composite?
True
Suppose p + 232 = 3*p. Let a = 116 - p. Suppose a*b - 2367 = -5*b + v, 465 = b + 4*v. Is b a prime number?
False
Let d = 1099641 - 645034. Is d a prime number?
False
Let j(z) = z**3 - 2*z**2 - z. Let q be j(3). Let d be (-2064)/10*((-225)/q)/5. Suppose -2*g + d + 2218 = 0. Is g a composite number?
True
Suppose -276*x - 24875174 + 78105652 = -69250318. Is x composite?
False
Let z = -33467 + 65721. Is z composite?
True
Let a(n) = -14*n - 83. Suppose 3*r + u = -66, 4*u - 125 = 5*r - 32. Is a(r) composite?
False
Let v(w) = -4*w - 46. Let k(i) = 4*i + 72. Let f be k(-21). Let l be v(f). Is 116/16*-92*(l - 3) prime?
False
Suppose 257*a - 111656221 - 65216540 = -94*a. Is a a composite number?
False
Suppose 2*t + h = 22928, -t + 10198 = 3*h - 1251. Is t composite?
False
Let n(a) = a**2 + 6*a - 24. Let s be n(-9). Let g = s + 1. Is 890/g - (-9)/18 a composite number?
False
Is -5 + 130/(-10) - -55307 a prime number?
False
Suppose -5*g - 11 = u - g, -2*g = -4*u - 44. Is (214/(-6))/(u/66) composite?
True
Let k(p) = 2*p**3 - 38*p**2 + 65*p - 88. Is k(37) prime?
False
Let h(g) = -2103*g - 31. Let u be h(5). Let s = u - -15773. Is s a composite number?
False
Let y(h) = -840*h - 127. Let r = -37 + 17. Is y(r) a prime number?
True
Let q(v) = v**2 - 6*v - 3. Let h be q(6). Let f(k) = -4*k**2 - 3*k + 33. Let l be f(3). Is ((-18)/l)/(h/(-628)) prime?
False
Suppose n + 4*n - y + 1964 = 0, 0 = n + y + 394. Suppose -775 = 3*r + 1199. Let o = n - r. Is o composite?
True
Let k = 1237270 + -866891. Is k a prime number?
False
Let m be (46/4)/(-4*4/1888). Let a = -468 - m. Is a prime?
False
Let k(y) = y**2 - 7*y - 4. Let f be k(8). Suppose 5*q - f*g - 11 = 25, 8 = -3*q - 5*g. Suppose -3*p - 3*t + 2869 = -q*t, 951 = p + t. Is p prime?
False
Suppose 1519 + 186752 = 3*i - u, i - 62767 = -3*u. Is i prime?
False
Suppose 0*n + 48870 = 10*n. Suppose 1797 = 12*y - n. Is y composite?
False
Suppose -5*g - 70 = 5*a, -3*g + 15 = a + 39. Let n be 2/(-1) - (a + 5). Suppose -528 = -n*f + 2*i, -4*f + 0*f + 2*i + 1046 = 0. Is f a composite number?
True
Is (12/(-240)*8)/((-2)/2330215) a composite number?
False
Let y = -314489 - -459798. Is y a composite number?
True
Suppose 6*u - 11*u = -430775. Is u a prime number?
False
Let q(k) = -197*k - 4. Let c be q(-5). Let t = -9 + 12. Suppose t*b + c = 12*b. Is b a composite number?
False
Suppose 0 = 3*s + 12, y - 4*s + 14945 = 4*y. Suppose -y + 604 = -3*q. Is q prime?
False
Let l be -2969 - (0 + (-3 - -4)) - -3. Is l/(4 + -5) + -5 a prime number?
False
Let g(a) = a**3 - 4*a**2 - 11*a - 6. Let x be g(6). Suppose x = -4*k + 5623 + 2013. Is k prime?
False
Suppose -3*h + 822974 = 2*j, 5*j - 25*h - 2057473 = -23*h. Is j a composite number?
True
Suppose -2*z - 5*x + 10 = 0, z - 4*z = -3*x - 57. Suppose z*k + 3190 = 38035. Is k prime?
False
Let v be (21/9)/(-1*(-2)/8394). Suppose 3*p - v = 6620. Is p a composite number?
False
Let w(v) = -v**3 - 25*v**2 - 25*v - 21. Let c be w(-24). Suppose -c*z + 2013 = -666. Is z composite?
True
Let s(p) = -39*p + 7*p**2 + 49*p + 12 + p**3 - 22*p**2 - 3*p**2. Let i be s(21). Let m = i - 1076. Is m composite?
True
Suppose -2838332 = -65*w + 37*w. Is w composite?
True
Suppose 31*w - 1490522 = 1309491. Is w a composite number?
True
Suppose -4*b + 4*f + 16 = 0, 5*f = -2*b + 8 + 7. Suppose 2*j + 39484 = 2*i, -10*j + 98701 = b*i - 12*j. Is i a composite number?
False
Suppose -108021 - 3174792 = -17*u + 8*u. Is u prime?
False
Let d be 3/6*6*(-16)/12. Let x(r) = -r**2 - 7*r - 5. Let k be x(d). Let u = k + -3. Is u composite?
True
Is (-25)/50*-50085 - (-2)/4 prime?
False
Suppose 0 = -364*i + 396*i - 160864. Is i prime?
False
Let w(u) = 296*u**2 - 88*u + 431. Is w(20) prime?
True
Is 12908416/640*(6 - 1) prime?
True
Let r(y) = y**3 - 5*y**2 - 15*y - 4. Let j be r(7). Let a(t) = 21*t**2 - 10*t - 70. Is a(j) a prime number?
False
Suppose 31*n + 8*n + 1224 = 3039051. Is n composite?
False
Suppose 0 = -37*a + 4141520 + 1020263 + 1625164. Is a a prime number?
False
Let n(v) = -58*v**3 - 4*v**2 + 21*v - 72. Is n(-11) a prime number?
False
Let i = 147 + -103. Suppose i*d = 43*d + 5. Suppose 0 = d*n - 2*v - 2227, 4*n = -v - 2*v + 1800. Is n composite?
True
Let i = 93 + -1149. Let f = -365 - i. Is f prime?
True
Suppose 3*f = -s + 34738, -f = s - 10063 - 1517. Is f prime?
True
Let b(h) be the third derivative of h**6/120 + 8*h**5/15 + h**4/3 - 13*h**3/6 + 2*h**2 + 2. Is b(-28) a composite number?
True
Is 474/3*-2*((-3126)/8 + 8) a prime number?
False
Suppose 2*w + 1860 = -4*x - 5430, -3610 = w - 5*x. Let q = 8542 + w. Is q prime?
False
Suppose 50 = -3*y - 2*g, 0 = 2*y - 5*g + 25 + 40. Let a be (-3 + 1285/y)*-8. Suppose 0 = 2*c + 2, 3*b - 4*c - 75 - a = 0. Is b composite?
True
Suppose -8*z + 533 = -307. Let m be (-4)/(-2 + 1) - z. Let x = m - -222. Is x a prime number?
False
Let p be (114/14)/((-34)/(-238)). Let w = p - -236. Is w prime?
True
Suppose 298322 = 25*n - 361903. Is n composite?
True
Let k be (-74424)/(-